{"id":17,"date":"2011-08-12T09:43:58","date_gmt":"2011-08-12T09:43:58","guid":{"rendered":"https:\/\/www.blasorchester-kreuztal.de\/neu\/?page_id=17"},"modified":"2026-03-12T12:01:55","modified_gmt":"2026-03-12T11:01:55","slug":"ehem-dirigenten","status":"publish","type":"page","link":"https:\/\/www.blasorchester-kreuztal.de\/?page_id=17","title":{"rendered":"Ehemalige Dirigenten"},"content":{"rendered":"\n<div class=\"wp-block-columns is-layout-flex wp-container-core-columns-is-layout-9d6595d7 wp-block-columns-is-layout-flex\">\n<div class=\"wp-block-column is-layout-flow wp-block-column-is-layout-flow\" style=\"flex-basis:66.66%\">\n<h2 class=\"wp-block-heading\">Tobias van de Locht<\/h2>\n<\/div>\n\n\n\n<div class=\"wp-block-column is-layout-flow wp-block-column-is-layout-flow\" style=\"flex-basis:33.33%\">\n<p><strong>2024 \u2013 2025<\/strong><\/p>\n<\/div>\n<\/div>\n\n\n<div class=\"wp-block-image\">\n<figure class=\"alignleft size-thumbnail\"><a href=\"https:\/\/www.blasorchester-kreuztal.de\/wp-content\/uploads\/2025\/05\/BOKreuztal_HK24_Tobias_van_de_Locht-scaled.jpg\"><img loading=\"lazy\" decoding=\"async\" width=\"150\" height=\"150\" src=\"https:\/\/www.blasorchester-kreuztal.de\/wp-content\/uploads\/2025\/05\/BOKreuztal_HK24_Tobias_van_de_Locht-150x150.jpg\" alt=\"\" class=\"wp-image-4991\" srcset=\"https:\/\/www.blasorchester-kreuztal.de\/wp-content\/uploads\/2025\/05\/BOKreuztal_HK24_Tobias_van_de_Locht-150x150.jpg 150w, https:\/\/www.blasorchester-kreuztal.de\/wp-content\/uploads\/2025\/05\/BOKreuztal_HK24_Tobias_van_de_Locht-500x500.jpg 500w, https:\/\/www.blasorchester-kreuztal.de\/wp-content\/uploads\/2025\/05\/BOKreuztal_HK24_Tobias_van_de_Locht-1024x1024.jpg 1024w, https:\/\/www.blasorchester-kreuztal.de\/wp-content\/uploads\/2025\/05\/BOKreuztal_HK24_Tobias_van_de_Locht-768x768.jpg 768w, https:\/\/www.blasorchester-kreuztal.de\/wp-content\/uploads\/2025\/05\/BOKreuztal_HK24_Tobias_van_de_Locht-1536x1536.jpg 1536w, https:\/\/www.blasorchester-kreuztal.de\/wp-content\/uploads\/2025\/05\/BOKreuztal_HK24_Tobias_van_de_Locht-2048x2048.jpg 2048w\" sizes=\"auto, (max-width: 150px) 100vw, 150px\" \/><\/a><figcaption class=\"wp-element-caption\">\u00a9 Oliver Stopinski<\/figcaption><\/figure>\n<\/div>\n\n\n<div class=\"wp-block-group is-nowrap is-layout-flex wp-container-core-group-is-layout-ad2f72ca wp-block-group-is-layout-flex\">\n<p>Tobias van de Locht ist Chefdirigent des St\u00e4dtischen Orchesters Gevelsberg, der Sinfonia K\u00f6ln (davor Sinfonia D\u00fcsseldorf und Sinfonia K\u00f6nigswinter), des Sinfonieorchesters Witten und von NRW Brass. Er studierte Klavier und Dirigieren in D\u00fcsseldorf und besuchte Meisterkurse in Chorleitung (Eric Ericson, Stockholm), Orgel (Daniel Roth, Paris) und Filmmusik (John Frizzell, Los Angeles). Als Gastdirigent arbeitete er mit dem G\u00fcrzenich-Orchester K\u00f6ln, den Dortmunder, Duisburger und Hamburger Philharmonikern und dem Deutschen Filmorcheser Babelsberg. Als Komponist schuf Tobias van de Locht bislang sechs Sinfonien, f\u00fcnf Solokonzerte (Klarinette [2], Tuba, Harfe, Violoncello) sowie weitere Orchesterwerke, Chor- und Kammermusik.<\/p>\n<\/div>\n\n\n\n<p>Weitere Informationen finden Sie unter: <a href=\"https:\/\/www.tobiasvandelocht.com\/\">https:\/\/www.tobiasvandelocht.com<\/a><\/p>\n\n\n\n<hr class=\"wp-block-separator has-alpha-channel-opacity is-style-wide\"\/>\n\n\n\n<div class=\"wp-block-columns is-layout-flex wp-container-core-columns-is-layout-9d6595d7 wp-block-columns-is-layout-flex\">\n<div class=\"wp-block-column is-layout-flow wp-block-column-is-layout-flow\" style=\"flex-basis:66.66%\">\n<h2 class=\"wp-block-heading\">Benjamin Schneider<\/h2>\n<\/div>\n\n\n\n<div class=\"wp-block-column is-layout-flow wp-block-column-is-layout-flow\" style=\"flex-basis:33.33%\">\n<p><strong>2024<\/strong><\/p>\n<\/div>\n<\/div>\n\n\n<div class=\"wp-block-image\">\n<figure class=\"alignleft size-thumbnail\"><a href=\"https:\/\/www.blasorchester-kreuztal.de\/wp-content\/uploads\/2024\/05\/BOK_FK24_oliverstopinski_202-scaled.jpg\"><img loading=\"lazy\" decoding=\"async\" width=\"150\" height=\"150\" src=\"https:\/\/www.blasorchester-kreuztal.de\/wp-content\/uploads\/2024\/05\/BOK_FK24_oliverstopinski_202-150x150.jpg\" alt=\"\" class=\"wp-image-4754\"\/><\/a><figcaption class=\"wp-element-caption\">\u00a9 Oliver Stopinski<\/figcaption><\/figure>\n<\/div>\n\n\n<div class=\"wp-block-group is-nowrap is-layout-flex wp-container-core-group-is-layout-ad2f72ca wp-block-group-is-layout-flex\">\n<p>Benjamin Schneider ist auf der Konzertb\u00fchne sowohl etablierter Dirigent als auch gefeierter Solist. Der geb\u00fcrtige Saarbr\u00fccker begann seine musikalische Karriere als Klarinettist. Bereits mit 17 Jahren trat er die erste Stelle als Dirigent eines sinfonischen Blasorchesters an. Es folgten Meisterkurse im Dirigat unter anderem bei Andr\u00e9 Reichling, Alex Schillings und Maurice Hamers am Conservatoire Luxembourg, sowie in der Dirigierklasse von Prof. Dr. M\u00f6senbichler. Benjamin ist gefragter Dozent, Chefdirigent der Bl\u00e4serphilharmonie Saar, sowie Mitglied der Rheinhessischen Bl\u00e4serphilharmonie und dem europ\u00e4ischen Klarinettenensemble. Schon fr\u00fch verschrieb er sich der Ausbildung junger Musikerinnen und Musiker. Die Gr\u00fcndung der ersten Bl\u00e4serklasse des Saarlandes, des Kreisjugendorchesters und die Inszenierung des Kindermusicals \u201eFreude\u201c in Zusammenarbeit mit dem saarl\u00e4ndischen Staatstheater z\u00e4hlen als einzigartige Leuchtturmprojekte. Zu den H\u00f6hepunkten geh\u00f6rten neben zahlreichen Konzerten, CD und Fernsehproduktionen, die preisgekr\u00f6nte Teilnahme an internationalen Wettbewerben mit verschiedensten Ensembles.<\/p>\n<\/div>\n\n\n\n<hr class=\"wp-block-separator has-alpha-channel-opacity is-style-wide\"\/>\n\n\n\n<div class=\"wp-block-columns is-layout-flex wp-container-core-columns-is-layout-9d6595d7 wp-block-columns-is-layout-flex\">\n<div class=\"wp-block-column is-layout-flow wp-block-column-is-layout-flow\" style=\"flex-basis:66.66%\">\n<h2 class=\"wp-block-heading\">Tobias Sch\u00fctte<\/h2>\n<\/div>\n\n\n\n<div class=\"wp-block-column is-layout-flow wp-block-column-is-layout-flow\" style=\"flex-basis:33.33%\">\n<p class=\"has-medium-font-size\"><strong>2012 <strong>\u2013<\/strong> 2023<\/strong><\/p>\n<\/div>\n<\/div>\n\n\n<div class=\"wp-block-image\">\n<figure class=\"alignleft size-thumbnail\"><a href=\"https:\/\/www.blasorchester-kreuztal.de\/wp-content\/uploads\/2020\/05\/DSC_B5349R17i5.jpg\"><img loading=\"lazy\" decoding=\"async\" width=\"150\" height=\"150\" src=\"https:\/\/www.blasorchester-kreuztal.de\/wp-content\/uploads\/2020\/05\/DSC_B5349R17i5-150x150.jpg\" alt=\"\" class=\"wp-image-3064\"\/><\/a><\/figure>\n<\/div>\n\n\n<p>Der gelernte Kunstschmied studierte klassische und Jazz-Posaune sowie Komposition\/Arrangement und Blasorchesterdirigat an der Hochschule f\u00fcr Musik \u201eFranz Liszt\u201c in Weimar, an der Folkwang-Universit\u00e4t in Essen, am \u201eArtEZ\u201c-Conservatorium in Enschede, am Leopold Mozart-Zentrum in Augsburg bei Maurice Hamers und am Conservatorio \u201eGuiseppe Tartini\u201c in Trieste, Italien.<\/p>\n\n\n\n<p>Als Posaunist und Komponist folgten zahlreiche Auftr\u00e4ge f\u00fcr B\u00fchnenmusiken und Engagements u.a. am Grillo- und Aalto-Theater in Essen sowie zahlreiche Konzerte in Deutschland und Europa. Neben seinem Mitwirken in diversen Ensembles und Bandformationen arbeitet Tobias Sch\u00fctte als Dirigent und musikalischer Leiter sowohl bei Theaterproduktionen als auch f\u00fcr Blasorchester und Big Bands.<\/p>\n\n\n\n<p>Er war von 2014-2018 &nbsp;Lehrbeauftragter an der Universit\u00e4t Dortmund, Fachbereich Musik und ist Teil des k\u00fcnstlerischen Beirates der \u201eJungen Bl\u00e4serphilharmonie NRW\u201c.<\/p>\n\n\n\n<p>Seit 2021 ist er k\u00fcnstlerischer Leiter des \u201eBayer-Blasorchesters Leverkusen e.V.\u201c<\/p>\n\n\n\n<p>Seit 2023 ist er k\u00fcnstlerischer Leiter der \u201eJungen Bl\u00e4serphilharmonie NRW\u201c.<\/p>\n\n\n\n<hr class=\"wp-block-separator has-alpha-channel-opacity is-style-wide\"\/>\n\n\n\n<div class=\"wp-block-columns is-layout-flex wp-container-core-columns-is-layout-9d6595d7 wp-block-columns-is-layout-flex\">\n<div class=\"wp-block-column is-layout-flow wp-block-column-is-layout-flow\" style=\"flex-basis:66.66%\">\n<h2 class=\"wp-block-heading\" id=\"barth\">Christoph Barth<\/h2>\n<\/div>\n\n\n\n<div class=\"wp-block-column is-layout-flow wp-block-column-is-layout-flow\" style=\"flex-basis:33.33%\">\n<p class=\"has-text-align-left has-medium-font-size\"><strong> 2009 \u2013 2012 <\/strong><\/p>\n<\/div>\n<\/div>\n\n\n<div class=\"wp-block-image\">\n<figure class=\"alignleft size-thumbnail\"><a href=\"https:\/\/www.blasorchester-kreuztal.de\/wp-content\/uploads\/2024\/08\/IMG_9646b-scaled.jpg\"><img loading=\"lazy\" decoding=\"async\" width=\"150\" height=\"150\" src=\"https:\/\/www.blasorchester-kreuztal.de\/wp-content\/uploads\/2024\/08\/IMG_9646b-150x150.jpg\" alt=\"\" class=\"wp-image-4767\"\/><\/a><\/figure>\n<\/div>\n\n\n<p>Christoph Barth, geboren 1977 in Saarbr\u00fccken, studierte an der Hochschule f\u00fcr Musik K\u00f6ln bei Prof. Urban Agnas zun\u00e4chst <em>Orchestermusik und Instrumentalp\u00e4dagogik<\/em> Trompete und schloss seinen Aufbaustudiengang <em>Konzertexamen<\/em>  im Oktober 2007 mit Auszeichnung ab. W\u00e4hrend seines Studiums nahm er an  Meisterkursen bei Adolph Herseth, Reinhold Friedrichs, Matthias H\u00f6fs,  Klaus Schuhwerk und Markus Stockhausen teil. 2004 wurde er Preistr\u00e4ger  beim <em>Internationalen Blechbl\u00e4serwettbewerb <\/em>in Passau. Er ist Mitglied des Quintetts <em>Blechgefl\u00fcster<\/em>, des Ensembles <em>klangsph\u00e4re<\/em> (Trompete\/Schlagzeug), sowie des <em>anemos ensembles<\/em> (Trompete\/Orgel).  Zu seinen p\u00e4dagogischen T\u00e4tigkeiten geh\u00f6ren Lehrauftr\u00e4ge an der  Hochschule f\u00fcr Musik K\u00f6ln und der Universit\u00e4t Siegen. <\/p>\n\n\n\n<p>Er wirkte bereits in seiner Jugendzeit in Auswahlblasorchestern, wie dem LJBO Rheinland-Pfalz und der <em>Bl\u00e4serphilharmonie S\u00fcd-West<\/em>, einem der f\u00fchrenden deutschen Blasorchestern, mit. 2004 nahm er mit dem <em>Orchesterverein Hilgen<\/em> in der Konzertdivision des <em>WMC Kerkrade<\/em> teil.<\/p>\n\n\n\n<p>2007 absolvierte er an der <em>Bundesakademie Trossingen<\/em> bei Felix Hauswirth und Johann M\u00f6senbichler den zweij\u00e4hrigen B-Lehrgang <em>\u201eLeitung von Blasorchestern<\/em>\u201c mit Auszeichnung. Weiterf\u00fchrende Studien f\u00fchrten ihn zu <em>Fried Dobbelstein<\/em>, <em>Walter Ratzek<\/em> und <em>Jan Cober<\/em>.<\/p>\n\n\n\n<p>N\u00e4here Informationen finden Sie unter <a href=\"https:\/\/rhythmuskreis.de\/\">rhythmuskreis.de<\/a>.<\/p>\n\n\n\n<hr class=\"wp-block-separator has-css-opacity is-style-wide\"\/>\n\n\n\n<div class=\"wp-block-columns is-layout-flex wp-container-core-columns-is-layout-9d6595d7 wp-block-columns-is-layout-flex\">\n<div class=\"wp-block-column is-layout-flow wp-block-column-is-layout-flow\" style=\"flex-basis:66.66%\">\n<h2 class=\"wp-block-heading\" id=\"klueser\">Arnim Kl\u00fcser<\/h2>\n<\/div>\n\n\n\n<div class=\"wp-block-column is-layout-flow wp-block-column-is-layout-flow\" style=\"flex-basis:33.33%\">\n<p class=\"has-medium-font-size\"> <strong>2003 \u2013 2009<\/strong> <\/p>\n<\/div>\n<\/div>\n\n\n\n<p>Arnim Kl\u00fcser wuchs in einem musikbegeisterten Elternhaus auf. Nach erstem Blockfl\u00f6tenunterricht beim Vater wechselte er mit elf Jahren zur  <em>Querfl\u00f6te<\/em>, war Landessieger bei <em>\u201e<\/em>Jugend musiziert\u201c und auch Mitglied im  Landesjugendorchester Rheinlandpfalz. Bis zum Abitur war Arnim Kl\u00fcser Sch\u00fcler der Musikschule der Stadt Siegen und Jungstudent an der Musikhochschule K\u00f6ln, Klasse Prof. Ullrich, dieses auch noch w\u00e4hrend seiner Wehrdienstzeit im Stabsmusikkorps der Bundeswehr in Siegburg. Es schlossen sich im Fach Querfl\u00f6te Studienaufenthalte an den  Musikhochschulen W\u00fcrzburg, Klasse Prof. Pohl, und Aachen, Klasse Prof. Ricarda Br\u00f6hl, an. In Aachen machte Kl\u00fcser die Abschl\u00fcsse in  Instrumentalp\u00e4dagogik, im Orchesterbereich und Konzertexamen. Seine Liebe zur Barockmusik lie\u00df ihn sp\u00e4ter auch noch ein Zusatzstudium <em>Traversfl\u00f6te <\/em>bei Laurence Dean an der Musikhochschule Duisburg aufnehmen (K\u00fcnstlerischer Abschluss 1995). Auf beiden Instrumenten ist er heute regional und \u00fcberregional in unterschiedlichsten Ensembles aktiv. <\/p>\n\n\n\n<p>Seine musikalischen Wurzeln liegen im heimischen Blasorchester. So interessierte ihn vor Jahren auch die Blasorchesterleitung. An der  Bundesakademie Trossingen erlangte er daraufhin seine Qualifikation im Fach <em>Blasorchesterdirigieren<\/em>. Mittlerweile hat Arnim Kl\u00fcser langj\u00e4hrige Erfahrung in der Arbeit mit Blasorchestern, leitet neben seiner T\u00e4tigkeit als Lehrer f\u00fcr Fl\u00f6te an der Fritz-Busch-Musikschule der Stadt Siegen das dortige Jugendblasorchester und hat an der Universit\u00e4t Siegen einen Lehrauftrag f\u00fcr Fl\u00f6te. <\/p>\n\n\n\n<hr class=\"wp-block-separator has-css-opacity is-style-wide\"\/>\n\n\n\n<div class=\"wp-block-columns is-layout-flex wp-container-core-columns-is-layout-9d6595d7 wp-block-columns-is-layout-flex\">\n<div class=\"wp-block-column is-layout-flow wp-block-column-is-layout-flow\" style=\"flex-basis:66.66%\">\n<h2 class=\"wp-block-heading\" id=\"wehn\">Martin Wehn<\/h2>\n<\/div>\n\n\n\n<div class=\"wp-block-column is-layout-flow wp-block-column-is-layout-flow\" style=\"flex-basis:33.33%\">\n<p class=\"has-medium-font-size\"> <strong>1999 \u2013 2002<\/strong> <\/p>\n<\/div>\n<\/div>\n\n\n\n<p>Martin Wehn ist geb\u00fcrtig aus Siegen. Seine Eltern sind in der Siegerl\u00e4nder Musikszene keine Unbekannten. Musik spielte daher schon sehr fr\u00fch eine wichtige Rolle in seinem Leben. Mit 5 Jahren erhielt er Klavierunterricht und begann im Alter von 11 Jahren im Posaunenchor Eisern Trompete zu spielen. Im jugendlichen Alter von 18 Jahren schloss er die Ausbildung zum nebenamtlichen Kirchenmusiker erfolgreich mit dem  C-Schein ab.<\/p>\n\n\n\n<p>Nach bestandenem Abitur ging er zur Bundeswehr und konnte als  Trompeter beim Stabsmusikkorps intensive Orchesterarbeit kennenlernen  und seine Kenntnisse der Blasmusikliteratur erweitern. 1998 begann er als Offiziersanw\u00e4rter ein Kapellmeisterstudium an der  Robert-Schuman-Musikhochschule in D\u00fcsseldorf, welches er 2003 mit dem Kapellmeisterexamen abschloss.<\/p>\n\n\n\n<p>Leider konnten wir die dreij\u00e4hrige \u00fcberaus erfolgreiche Zusammenarbeit mit Martin Wehn nicht fortsetzen, da er nach bestandenem  Kapellmeisterexamen Leitungsfunktionen in einem Bundeswehrorchester \u00fcbernehmen wird. Mit dem Herbstkonzert des Blasorchesters am 3.11.2002  in der Stadthalle hat sich Martin eindrucksvoll von seinen Musikerinnen und Musikern und dem Kreuztaler Publikum verabschiedet. Alle Orchestermitglieder w\u00fcnschen ihm bei seinen zuk\u00fcnftigen beruflichen Aufgaben ein ebenso erfolgreiches musikalisches Wirken wie bei uns.<\/p>\n\n\n\n<ul class=\"wp-block-list\">\n<li>Von 2003 bis 2006 war Martin Wehn 2. Musikoffizier des Stabsmusikkorps der Bundeswehr in Berlin. <\/li>\n\n\n\n<li>Von 2010 bis 2014 \u00fcbernahm Oberstleutnant Wehn die Leitung des Luftwaffenmusikkorps 2 in Karlsruhe.<\/li>\n\n\n\n<li>Seit 2014 leitet Oberstleutnant Wehn das Heeresmusikkorps Hannover.<\/li>\n<\/ul>\n\n\n\n<hr class=\"wp-block-separator has-css-opacity is-style-wide\"\/>\n\n\n\n<h2 class=\"wp-block-heading\">Liste von ehemaligen Dirigenten<\/h2>\n\n\n\n<ul class=\"wp-block-list\">\n<li>Alfons Zocha (1988-1999)<\/li>\n\n\n\n<li>Peter Riesz (1983-1988)<\/li>\n\n\n\n<li>Erich Quos (1967-1983)<\/li>\n\n\n\n<li>Karl L\u00f6w (1964-1967)<\/li>\n\n\n\n<li>Ernst Spiller (1948-1964)<\/li>\n\n\n\n<li>Erich Ganseuer (1946-1948)<\/li>\n\n\n\n<li>Felix M\u00fcnker (1933-1946)<\/li>\n\n\n\n<li>Wilhelm Ernst (1932-1933)<\/li>\n\n\n\n<li>Fritz Seiffarth (1928-1932)<\/li>\n\n\n\n<li>Heinz Grebe (1927-1928)<\/li>\n\n\n\n<li>Robert Katz (1923-1927)<\/li>\n\n\n\n<li>Erich Reh (1919-1923)<\/li>\n\n\n\n<li>Rudolf M\u00f6lling (1912-1919)<\/li>\n\n\n\n<li>Hermann Becker (1897-1912)<\/li>\n<\/ul>\n\n\n\n<hr class=\"wp-block-separator has-css-opacity is-style-wide\"\/>\n\n\n\n<p><a href=\"https:\/\/www.blasorchester-kreuztal.de\/?page_id=13\">Dirigent<\/a><\/p>\n","protected":false},"excerpt":{"rendered":"<p>Tobias van de Locht 2024 \u2013 2025 Tobias van de Locht ist Chefdirigent des St\u00e4dtischen Orchesters Gevelsberg, der Sinfonia K\u00f6ln (davor Sinfonia D\u00fcsseldorf und Sinfonia K\u00f6nigswinter), des Sinfonieorchesters Witten und von NRW Brass. Er studierte Klavier und Dirigieren in D\u00fcsseldorf und besuchte Meisterkurse in Chorleitung (Eric Ericson, Stockholm), Orgel (Daniel Roth, Paris) und Filmmusik (John [&hellip;]<\/p>\n","protected":false},"author":1,"featured_media":0,"parent":13,"menu_order":0,"comment_status":"closed","ping_status":"closed","template":"","meta":{"ngg_post_thumbnail":0,"h5ap_radio_sources":[],"footnotes":""},"class_list":["post-17","page","type-page","status-publish","hentry"],"_links":{"self":[{"href":"https:\/\/www.blasorchester-kreuztal.de\/index.php?rest_route=\/wp\/v2\/pages\/17","targetHints":{"allow":["GET"]}}],"collection":[{"href":"https:\/\/www.blasorchester-kreuztal.de\/index.php?rest_route=\/wp\/v2\/pages"}],"about":[{"href":"https:\/\/www.blasorchester-kreuztal.de\/index.php?rest_route=\/wp\/v2\/types\/page"}],"author":[{"embeddable":true,"href":"https:\/\/www.blasorchester-kreuztal.de\/index.php?rest_route=\/wp\/v2\/users\/1"}],"replies":[{"embeddable":true,"href":"https:\/\/www.blasorchester-kreuztal.de\/index.php?rest_route=%2Fwp%2Fv2%2Fcomments&post=17"}],"version-history":[{"count":27,"href":"https:\/\/www.blasorchester-kreuztal.de\/index.php?rest_route=\/wp\/v2\/pages\/17\/revisions"}],"predecessor-version":[{"id":5166,"href":"https:\/\/www.blasorchester-kreuztal.de\/index.php?rest_route=\/wp\/v2\/pages\/17\/revisions\/5166"}],"up":[{"embeddable":true,"href":"https:\/\/www.blasorchester-kreuztal.de\/index.php?rest_route=\/wp\/v2\/pages\/13"}],"wp:attachment":[{"href":"https:\/\/www.blasorchester-kreuztal.de\/index.php?rest_route=%2Fwp%2Fv2%2Fmedia&parent=17"}],"curies":[{"name":"wp","href":"https:\/\/api.w.org\/{rel}","templated":true}]}}